 is the units digit of 94 - (v/(-4) - (-203)/116)?
2
Let k(f) = 521*f**2 - 6*f + 5. Let q be k(1). Suppose -4*z + 2*z = -q. What is the units digit of z?
0
Let y(l) = l**2 - 2*l - 16. Let n be ((-2)/5 - 0) + 280/(-50). Let j be y(n). Suppose 0 = -p + 112 - j. What is the units digit of p?
0
What is the hundreds digit of (-70525031)/(-2292) + (-2)/24?
7
Let p = 39368 + -30059. What is the thousands digit of p?
9
Suppose r + 5*v + 1242 = 4714, -5*v = -25. What is the hundreds digit of r?
4
What is the units digit of 155 - 152 - (-2475 + (-1)/1 + -1)?
0
Let x(z) = z**3 - z**2 + z + 1. Let f(q) = -6*q**3 + 6*q - 31. Let v(h) = f(h) + 5*x(h). What is the tens digit of v(-13)?
8
Let k = -88 - -215. Let h = k - 358. Let a = h - -325. What is the tens digit of a?
9
Let x be ((-1555)/(-5) - -1) + 3. Let a = -199 + x. What is the units digit of a?
6
Suppose -18 = -2*r + 68. Suppose r = 2*p - p. Let x = -5 + p. What is the units digit of x?
8
What is the thousands digit of -10 + 182/(-28)*-962?
6
Let q(f) = -158*f + 79. Let s(l) = 10*l - 77. Let i be s(7). What is the tens digit of q(i)?
8
What is the ten thousands digit of -17 + 0 + 73412 + 82?
7
What is the hundreds digit of 60674 + -7 - (-360)/60?
6
Suppose -4*m + 3*p + 15301 = 0, 428*p + 3844 = m + 431*p. What is the units digit of m?
9
Let v = 16584 + -16612. Let y(h) = -5*h + 78 + 3*h + h. What is the tens digit of y(v)?
0
Let q(m) = -88*m**2 + 15*m - 4. Let t(x) = 2*x**2 + 2*x. Let c(o) = -q(o) + 5*t(o). What is the hundreds digit of c(-4)?
5
Let n(u) = -22*u + 1. Let j be n(-2). Let v = j - 47. What is the units digit of (-5 - -1)/(v/44)?
8
Suppose -67*o + 71*o = 4064. Let r = o - 477. What is the units digit of r?
9
Suppose 0 = 110*c + 785046 - 2526456. What is the tens digit of c?
3
Let d be (3 - -2411)*(-20)/40. Let w = d - -2163. What is the hundreds digit of w?
9
Suppose 3*s = 2*v + 76279, -s - 3 = -4*s. What is the tens digit of v/(-18) - (240/135)/(-8)?
1
Let d(u) be the first derivative of -u**4/4 - 7*u**3 - 21*u**2/2 - u - 68. Let n be (-99)/5 - 2/10. What is the tens digit of d(n)?
1
Let x be (114/27 - 2) + (-2)/9. Suppose -x*c = -d - 3*d - 604, 1 = d. What is the units digit of c?
4
Let c = -559 - -561. Suppose -4*h - h - 49 = -j, -c*h + 110 = 2*j. What is the tens digit of j?
5
Let l(w) = 11*w + 66. Let c be l(-5). Suppose 0 = n - 4, 9*b = c*b + 5*n - 1170. What is the units digit of b?
5
Let l = 23 - 41. Let t = -32 - l. What is the tens digit of (3 - 96/28) + (-468)/t?
3
Let g be (42/8)/(3/(-24)). Let l = -3001 - -3014. Let x = l - g. What is the units digit of x?
5
Let h = -23 + 26. Let i(j) = j**3 + j**2 - 9*j + 17. Let s be i(6). Suppose 4*p + 5*n - 238 = 0, h*p - 2*n = s - 48. What is the units digit of p?
7
Let c be ((-209)/(-44))/((-2)/8*-1). Let l = 278 - c. What is the tens digit of l?
5
What is the hundreds digit of 2 + (-12)/14 - (-5094900)/595?
5
Let k(z) = 0*z**2 - 2*z**3 - 3*z**2 - 6 - 9 + z**3. Suppose 5*w - 34 + 59 = 0. What is the tens digit of k(w)?
3
Let q(v) = 8*v**2 - 149 + 138 + 2*v - 3*v + 3*v. What is the hundreds digit of q(6)?
2
Suppose 0 = -4*s - 4*n + 800, -4*n - 180 = -s - n. Suppose -2*g + 5*g = s. Suppose g = 2*z - 5*c, -4*z - 4*c = -56 - 4. What is the units digit of z?
0
Let b be -1*(35 + 5)/(-5). Suppose -2322 = b*l - 17*l. What is the units digit of l?
8
Suppose -4*m + 67 = -49. Suppose -7*r + t + m = -2*r, 0 = 3*r - t - 19. Suppose z = r*z - 228. What is the tens digit of z?
5
Let q = 44395 - 24621. What is the ten thousands digit of q?
1
Suppose 0 = 4*m - 2*s + 24, 5*m + 6*s + 8 = 3*s. Let t(z) = -4*z**3 + 5*z**2 + 11. What is the units digit of t(m)?
7
Let y = 17 + -27. Let j(u) = 2*u**2 + 18*u + 4. Let p be j(y). What is the units digit of (p/30)/(2/25)?
0
Suppose -110*c - 5182605 = -269*c. What is the thousands digit of c?
2
Let a be 2 + 1 - 1974/7. Let x be 2/6*2 - (-416)/78. What is the hundreds digit of (-50)/15*a/x?
1
What is the thousands digit of 378/(-81) + (-57018)/(-18)?
3
Let a be 1726/(-9) - (-22)/(-99). Let l = 291 + a. What is the units digit of l - 15 - (-5 - 2/(-2))?
8
Let a(s) = -976*s + 15. Let j be a(-1). Suppose -2*o = -3*c - 777, -4*o = 5*c - 552 - j. What is the hundreds digit of o?
3
Let t(z) = 5*z**3 - 23*z**2 - 24*z - 8. Let s(o) = -11*o**3 + 45*o**2 + 48*o + 16. Let f(v) = -6*s(v) - 13*t(v). What is the hundreds digit of f(-27)?
8
Suppose -d = c - 1934, 0 = d - 2*d + 3*c + 1926. What is the units digit of (d + -2)/5 + (-2 - -1)?
5
Let w = 16275 - 11254. Let c = w + -3455. What is the units digit of c?
6
What is the hundreds digit of ((3 - (-150)/(-42)) + (-2442)/14)*-3?
5
Let c = 84 - 25. Let h = c - 55. Suppose -5*s + h*n = -4*s - 264, -5*n = 0. What is the units digit of s?
4
Let x(z) = 29*z**2 + 17*z - 566. What is the tens digit of x(-21)?
6
Let p(v) = -30*v + 7 - 5 - 4 + 53*v**2. What is the hundreds digit of p(-3)?
5
Suppose 37 = a + 33. Suppose -k = -5*c - 741, -a*c - 3012 = -k - 3*k. What is the tens digit of k?
5
Suppose -4*b - 533 = -3157. Suppose -2*o - b = -2412. What is the hundreds digit of o?
8
Let v(b) = -15*b - 1. Let f be v(-3). Let u = f + -39. Suppose -2*r + 5*d + 439 = -0*r, 671 = 3*r - u*d. What is the tens digit of r?
3
Suppose 0 = -50*u + 49*u + 3. Suppose 2*d - 5*l - 267 = d, 3*d = -u*l + 747. What is the units digit of d?
2
Let o(q) = 32*q + 30. Let j(a) = -65*a - 67. Let t(b) = 3*j(b) + 5*o(b). What is the hundreds digit of t(-20)?
6
Suppose 3*w = -3*v + 56790, 630*w = 625*w - 3*v + 94666. What is the hundreds digit of w?
9
Let x = 421 + 169. Let i = x + 90. What is the hundreds digit of i?
6
Suppose -11*n - 115*n + 55*n = -2758279. What is the ten thousands digit of n?
3
Let m = 29 - 26. Suppose -5*h = 3*l - l - 103, 159 = m*l + 3*h. What is the units digit of 9/l + 874/12?
3
Suppose 0 = -15*d + 7884 + 17286. Let m = d + -1116. What is the hundreds digit of m?
5
Suppose 0 = -2332*b + 2385*b - 1336501. What is the thousands digit of b?
5
Suppose 0 = -i + 5*y + 2041 + 2975, 4*i + 2*y - 20130 = 0. What is the units digit of i?
1
Let r be (1396/10)/(-7 - (-185)/25). Suppose -i = -r - 146. What is the tens digit of i?
9
Suppose 0 = 89*b + 1071721 - 6108053. What is the tens digit of b?
8
Let j(q) = 6*q**2 + 9*q - 18. Let g be (-6 - (-39)/6)*-16. What is the units digit of j(g)?
4
Let b = 746 + -744. What is the tens digit of ((-22)/b + -3)*(-644)/8?
2
Let b be (12/9)/(4/174). Suppose 3*l - 205 = -4*q, 5*l = 2*q - 182 + 567. Let m = l - b. What is the units digit of m?
7
Suppose -60*c + 32*c + 111496 = 0. What is the thousands digit of c?
3
Let v(g) = 0*g**2 + 2*g + 0*g - 3*g + g**2 + 3. What is the tens digit of v(-18)?
4
Suppose 3*o - 5*k = 119006, -1401*k = 2*o - 1402*k - 79349. What is the units digit of o?
7
Let w(p) = -p**3 - p**2 - 1301. Let s be w(0). Let x = s - -383. What is the tens digit of (-2)/2 + x/(-18)?
5
Let w be ((-7)/3 + -2 + 3)*-3. Suppose -414 = -5*z + 5*v + 641, -w*z = -2*v - 854. What is the tens digit of z?
1
Let v be 1/7 - (-306)/63. Let n be 6/v*(-55)/22. Let m(q) = -25*q - 1. What is the tens digit of m(n)?
7
What is the thousands digit of (-2*(-74)/(-12))/(-6 - 7465/(-1245))?
3
Let r be 1*676*6/((-18)/(-3)). Let q = r - 133. What is the tens digit of q?
4
Suppose 9*r - 960 = 3*r. Let f(z) = -14*z - 9. Let n be f(-1). Suppose 2*p - r = 4*w, w + 158 = -n*p + 558. What is the units digit of p?
0
Let g(w) = w**2 + 4*w + 18. Let n be g(-4). Suppose -2*d - n - 58 = -f, 3*d = -6. Suppose 4*u = -2*x + 19 + 19, 3*x + 3*u = f. What is the tens digit of x?
2
Let w = -3759 + 14662. What is the thousands digit of w?
0
Let j be (-5)/(2 + -7) - -19. What is the tens digit of ((-49)/(-4))/(65/j - 3)?
4
Let a(d) = -d**3 - 8*d**2 + 7*d - 23. Let g be a(-9). Let j be 415 - 3*g/5. Suppose 2*p - j = -5*u - 109, 0 = 2*p - 5*u - 299. What is the tens digit of p?
5
Suppose -5*p - 44 = -w, 0 = 3*p - 2*w + 12 + 20. What is the tens digit of p + 2816/8 + 4?
4
Let s = 158 + -71. Let b be s/(-58) - 367/(-2). Suppose 0 = -3*y - 0 - 6, -5*y = -4*m + b. What is the tens digit of m?
4
Suppose 52*d + 820795 = 1261495 + 1236040. What is the hundreds digit of d?
2
Let w(s) = 26*s**2 - 7*s + 2. Let a be 88/20 - 3/(45/6). Let f be w(a). Suppose 0 = -5*h + 210 + f. What is the units digit of h?
0
Suppos